{"id":200,"date":"2019-05-24T09:16:01","date_gmt":"2019-05-24T09:16:01","guid":{"rendered":"https:\/\/volumaateater.ee\/?page_id=200"},"modified":"2025-03-24T18:23:38","modified_gmt":"2025-03-24T18:23:38","slug":"lavastused","status":"publish","type":"page","link":"https:\/\/volumaateater.ee\/?page_id=200","title":{"rendered":"Lavastused"},"content":{"rendered":"\n<p class=\"has-vivid-red-color has-text-color\"><strong>\u201eKessu ja Tripp\u201c<\/strong>&#8211; hetkel m\u00e4ngukavas.<br>&#8220;Kessu\u00a0on\u00a0tavaline\u00a0pikemat\u00a0kasvu\u00a0l\u00fchike\u00a0plikatirts,\u00a0kes kunagi\u00a0midagi\u00a0meeles\u00a0ei\u00a0pea,\u00a0aga\u00a0k\u00f5ike\u00a0v\u00e4ga\u00a0h\u00e4sti\u00a0m\u00e4letab.\u00a0Tripp on punase valgev\u00f6\u00f6dilise\u00a0tuttm\u00fctsi\u00a0ning\u00a0v\u00f5imatult\u00a0keerdus\u00a0ninaga sussides kloun.\u00a0Tripp\u00a0on\u00a0Kessu\u00a0ustav\u00a0s\u00f5ber\u00a0ja\u00a0igap\u00e4evane\u00a0m\u00e4ngukaaslane.<br>Kessule ja Tripile\u00a0meeldib\u00a0igasuguseid\u00a0asju\u00a0v\u00e4lja\u00a0m\u00f5elda.\u00a0Nende\u00a0meelest\u00a0ei\u00a0ole \u00fcldse huvitav,\u00a0kui\u00a0k\u00f5ik\u00a0on\u00a0nii,\u00a0nagu\u00a0on.&#8221;<br>Seekord\u00a0seiklevad\u00a0Kessu\u00a0ja\u00a0Tripp\u00a0\u0161okolaadilaos,\u00a0lendavad helikopteriga,\u00a0meisterdavad\u00a0s\u00f6\u00f6gitegemise\u00a0aparaati\u00a0ja\u00a0m\u00e4ngivad poodi.<br>Etenduse\u00a0&#8220;Kessu\u00a0ja\u00a0Tripp&#8221;\u00a0on\u00a0Robert\u00a0Vaidlo\u00a0samanimelise\u00a0raamatu ainetel lavale\u00a0seadnud\u00a0Eeva\u00a0Savolainen\u00a0ja\u00a0Kristiine\u00a0Truu.\u00a0Etendus\u00a0on\u00a0kogu perele ja\u00a0kestab\u00a045\u00a0minutit.<br>N\u00e4itlejad:\u00a0Eeva\u00a0Savolainen,\u00a0Kristiine\u00a0Truu.<\/p>\n\n\n\n<figure class=\"wp-block-image size-large\"><a href=\"https:\/\/volumaateater.ee\/wp-content\/uploads\/2025\/03\/Kessu-ja-Tripp-scaled.jpg\"><img loading=\"lazy\" width=\"1024\" height=\"687\" src=\"https:\/\/volumaateater.ee\/wp-content\/uploads\/2025\/03\/Kessu-ja-Tripp-1024x687.jpg\" alt=\"\" class=\"wp-image-347\" srcset=\"https:\/\/volumaateater.ee\/wp-content\/uploads\/2025\/03\/Kessu-ja-Tripp-1024x687.jpg 1024w, https:\/\/volumaateater.ee\/wp-content\/uploads\/2025\/03\/Kessu-ja-Tripp-300x201.jpg 300w, https:\/\/volumaateater.ee\/wp-content\/uploads\/2025\/03\/Kessu-ja-Tripp-768x515.jpg 768w, https:\/\/volumaateater.ee\/wp-content\/uploads\/2025\/03\/Kessu-ja-Tripp-1536x1030.jpg 1536w, https:\/\/volumaateater.ee\/wp-content\/uploads\/2025\/03\/Kessu-ja-Tripp-2048x1374.jpg 2048w\" sizes=\"auto, (max-width: 1024px) 100vw, 1024px\" \/><\/a><\/figure>\n\n\n\n<p><\/p>\n\n\n\n<p class=\"has-text-color\" style=\"color:#000000\"><strong>\u201cKessu ja Tripi j\u00f5ulud\u201d<\/strong> &#8211; hetkel m\u00e4ngukavas<br>\u00dchel lumisel p\u00e4eval, just enne j\u00f5ule, on Kessu j\u00e4lle \u00fcksinda kodus, Tripil aga oma pildiraamatus hirmus igav. Nii valmivadki s\u00f5pradel p\u00f5nevad ideed &#8211; s\u00f5ita kelguga \u00fcmber maakera, s\u00fc\u00fca sooja j\u00e4\u00e4tist, ning valmistada piparkoogi- ja kingitustemasin.<br>Robert Vaidlo lasteraamatu \u201cKessu ja Tripp\u201d ainetel lavale seadnud ja m\u00e4ngivad: Eeva Savolainen ja Kristiine Truu.<br>Etendus kestab 45 minutit.<br>Soovi korral saab tellida j\u00f5uluetendustele ka j\u00f5uluvana. Kui etendus on ilma j\u00f5uluvanata, siis saavad kingitusi jagada p\u00e4kapikud v\u00f5i Kessu ja Tripp.<\/p>\n\n\n\n<figure class=\"wp-block-image size-large\"><a href=\"https:\/\/volumaateater.ee\/wp-content\/uploads\/2025\/03\/468091246_18357687202187145_2073077333930500038_n-1.jpg\"><img loading=\"lazy\" width=\"819\" height=\"1024\" src=\"https:\/\/volumaateater.ee\/wp-content\/uploads\/2025\/03\/468091246_18357687202187145_2073077333930500038_n-1-819x1024.jpg\" alt=\"\" class=\"wp-image-350\" srcset=\"https:\/\/volumaateater.ee\/wp-content\/uploads\/2025\/03\/468091246_18357687202187145_2073077333930500038_n-1-819x1024.jpg 819w, https:\/\/volumaateater.ee\/wp-content\/uploads\/2025\/03\/468091246_18357687202187145_2073077333930500038_n-1-240x300.jpg 240w, https:\/\/volumaateater.ee\/wp-content\/uploads\/2025\/03\/468091246_18357687202187145_2073077333930500038_n-1-768x960.jpg 768w, https:\/\/volumaateater.ee\/wp-content\/uploads\/2025\/03\/468091246_18357687202187145_2073077333930500038_n-1-1229x1536.jpg 1229w, https:\/\/volumaateater.ee\/wp-content\/uploads\/2025\/03\/468091246_18357687202187145_2073077333930500038_n-1.jpg 1440w\" sizes=\"auto, (max-width: 819px) 100vw, 819px\" \/><\/a><\/figure>\n\n\n\n<p><\/p>\n\n\n\n<p class=\"has-vivid-red-color has-text-color\"><strong>\u201eKlounide mustkunstietendus\u201c<\/strong>&#8211; hetkel m\u00e4ngukavas.<br> Klounid K\u00e4rts ja M\u00fcrts on just alustamas mustkunsti\u00f5pinguid, m\u00f5ned trikid tulevad juba p\u00e4ris h\u00e4sti v\u00e4lja, m\u00f5ned aga\u2026mitte just nii \u00f5nnestunult. K\u00f5ige paremini \u00f5nnestuvad neil ikkagi naljad ja trikitamine.<br> \u201eKlounide mustkunstietendus\u201c kestab 30 minutit ja sobib igale eale.<br> N\u00e4itlejad: Eeva Savolainen, Kristiine Truu.<\/p>\n\n\n\n<figure class=\"wp-block-image size-large\"><a href=\"https:\/\/volumaateater.ee\/wp-content\/uploads\/2025\/03\/453156564_962345055689920_1917845604982613566_n-1.jpg\"><img loading=\"lazy\" width=\"691\" height=\"1024\" src=\"https:\/\/volumaateater.ee\/wp-content\/uploads\/2025\/03\/453156564_962345055689920_1917845604982613566_n-1-691x1024.jpg\" alt=\"\" class=\"wp-image-349\" srcset=\"https:\/\/volumaateater.ee\/wp-content\/uploads\/2025\/03\/453156564_962345055689920_1917845604982613566_n-1-691x1024.jpg 691w, https:\/\/volumaateater.ee\/wp-content\/uploads\/2025\/03\/453156564_962345055689920_1917845604982613566_n-1-202x300.jpg 202w, https:\/\/volumaateater.ee\/wp-content\/uploads\/2025\/03\/453156564_962345055689920_1917845604982613566_n-1-768x1138.jpg 768w, https:\/\/volumaateater.ee\/wp-content\/uploads\/2025\/03\/453156564_962345055689920_1917845604982613566_n-1-1037x1536.jpg 1037w, https:\/\/volumaateater.ee\/wp-content\/uploads\/2025\/03\/453156564_962345055689920_1917845604982613566_n-1.jpg 1382w\" sizes=\"auto, (max-width: 691px) 100vw, 691px\" \/><\/a><\/figure>\n\n\n\n<p><\/p>\n\n\n\n<p class=\"has-text-color\" style=\"color:#000000\"><strong>\u201eP\u00e4kapikuplikad Iti ja Kati valmistuvad j\u00f5uludeks\u201c<\/strong> \u2013 hetkel m\u00e4ngukavas<br>Iti ja Kati on kaks toredat p\u00e4kapikku, kes magavad magusasti oma kodus ja n\u00e4evad und lumesajust ning saanis\u014didust. \u00c4rgates avastatakse ehmatusega, et k\u00f5ik toimetused on veel tegemata ja j\u014dulu\u014dhtu kohe k\u00e4es. Hoogsalt hakkavad p\u00e4kapikud koos lastega j\u00f5ulu\u00f5htut ette valmistama.<br>Etenduses on laulu, tantsu ja m\u00e4nge, milles lapsed saavad kaasa l\u00fc\u00fca.<br>Lavale seadnud ja m\u00e4ngivad: Kristiine Truu, Eeva Savolainen.<br>Etendus kestab kuni 40 minutit.<\/p>\n\n\n\n<figure class=\"wp-block-image size-full\"><a href=\"https:\/\/volumaateater.ee\/wp-content\/uploads\/2025\/03\/45717903_10155844869881188_8096521984462028800_n.jpg\"><img loading=\"lazy\" width=\"640\" height=\"960\" src=\"https:\/\/volumaateater.ee\/wp-content\/uploads\/2025\/03\/45717903_10155844869881188_8096521984462028800_n.jpg\" alt=\"\" class=\"wp-image-348\" srcset=\"https:\/\/volumaateater.ee\/wp-content\/uploads\/2025\/03\/45717903_10155844869881188_8096521984462028800_n.jpg 640w, https:\/\/volumaateater.ee\/wp-content\/uploads\/2025\/03\/45717903_10155844869881188_8096521984462028800_n-200x300.jpg 200w\" sizes=\"auto, (max-width: 640px) 100vw, 640px\" \/><\/a><\/figure>\n\n\n\n<p><\/p>\n\n\n\n<p class=\"has-vivid-red-color has-text-color\"><strong>&#8220;P\u00e4kapikk Mete j\u00f5ululugu&#8221;<\/strong> &#8211; hetkel m\u00e4ngukavas<br>Naljakas p\u00e4kapikk Mete on j\u00f5uluvana saanist v\u00e4lja kukkunud ja linnas \u00e4ra eksinud. Juhuslikult j\u00f5uab ta j\u00f5ulupeole. <br>Peok\u00fclalised saavad kuulda p\u00f5nevat lugu p\u00e4kapikkude valguse p\u00e4\u00e4stmisest ja lapsed saavad koos Metega m\u00e4ngida vahvaid j\u00f5ulum\u00e4nge.<br>P\u00e4kapiku monoetendus kestab kuni 40 minutit.<br>Lavale seadnud ja m\u00e4ngib: Eeva Savolainen<\/p>\n\n\n\n<figure class=\"wp-block-image size-large\"><a href=\"https:\/\/volumaateater.ee\/wp-content\/uploads\/2025\/03\/245009244_10158296938441188_7801027054217599445_n.jpg\"><img loading=\"lazy\" width=\"768\" height=\"1024\" src=\"https:\/\/volumaateater.ee\/wp-content\/uploads\/2025\/03\/245009244_10158296938441188_7801027054217599445_n-768x1024.jpg\" alt=\"\" class=\"wp-image-351\" srcset=\"https:\/\/volumaateater.ee\/wp-content\/uploads\/2025\/03\/245009244_10158296938441188_7801027054217599445_n-768x1024.jpg 768w, https:\/\/volumaateater.ee\/wp-content\/uploads\/2025\/03\/245009244_10158296938441188_7801027054217599445_n-225x300.jpg 225w, https:\/\/volumaateater.ee\/wp-content\/uploads\/2025\/03\/245009244_10158296938441188_7801027054217599445_n-1152x1536.jpg 1152w, https:\/\/volumaateater.ee\/wp-content\/uploads\/2025\/03\/245009244_10158296938441188_7801027054217599445_n.jpg 1536w\" sizes=\"auto, (max-width: 768px) 100vw, 768px\" \/><\/a><\/figure>\n\n\n\n<p><\/p>\n\n\n\n<p class=\"has-black-color has-text-color has-link-color wp-elements-b61a693a82a0535ada082d68802af9ca\">Aastal 2021-2023 toimusid vahvad etendused Anija m\u00f5isa j\u00f5ulumaal.<br>Etendused valmisid koost\u00f6\u00f6s Merros Stuudio ja Anija m\u00f5isarahvaga.<br>P\u00e4kapikk Metet kehastas Eeva Savolainen ja m\u00f5isapreili Anna Hedwigit<br>Merli Hirbaum<\/p>\n\n\n\n<figure class=\"wp-block-image size-large\"><a href=\"https:\/\/volumaateater.ee\/wp-content\/uploads\/2025\/03\/Anija_moisa_joulumaa_2021.png\"><img loading=\"lazy\" width=\"724\" height=\"1024\" src=\"https:\/\/volumaateater.ee\/wp-content\/uploads\/2025\/03\/Anija_moisa_joulumaa_2021-724x1024.png\" alt=\"\" class=\"wp-image-298\" srcset=\"https:\/\/volumaateater.ee\/wp-content\/uploads\/2025\/03\/Anija_moisa_joulumaa_2021-724x1024.png 724w, https:\/\/volumaateater.ee\/wp-content\/uploads\/2025\/03\/Anija_moisa_joulumaa_2021-212x300.png 212w, https:\/\/volumaateater.ee\/wp-content\/uploads\/2025\/03\/Anija_moisa_joulumaa_2021-768x1086.png 768w, https:\/\/volumaateater.ee\/wp-content\/uploads\/2025\/03\/Anija_moisa_joulumaa_2021.png 794w\" sizes=\"auto, (max-width: 724px) 100vw, 724px\" \/><\/a><\/figure>\n","protected":false},"excerpt":{"rendered":"<p>\u201eKessu ja Tripp\u201c&#8211; hetkel m\u00e4ngukavas.&#8220;Kessu\u00a0on\u00a0tavaline\u00a0pikemat\u00a0kasvu\u00a0l\u00fchike\u00a0plikatirts,\u00a0kes kunagi\u00a0midagi\u00a0meeles\u00a0ei\u00a0pea,\u00a0aga\u00a0k\u00f5ike\u00a0v\u00e4ga\u00a0h\u00e4sti\u00a0m\u00e4letab.\u00a0Tripp on punase valgev\u00f6\u00f6dilise\u00a0tuttm\u00fctsi\u00a0ning\u00a0v\u00f5imatult\u00a0keerdus\u00a0ninaga sussides kloun.\u00a0Tripp\u00a0on\u00a0Kessu\u00a0ustav\u00a0s\u00f5ber\u00a0ja\u00a0igap\u00e4evane\u00a0m\u00e4ngukaaslane.Kessule ja Tripile\u00a0meeldib\u00a0igasuguseid\u00a0asju\u00a0v\u00e4lja\u00a0m\u00f5elda.\u00a0Nende\u00a0meelest\u00a0ei\u00a0ole \u00fcldse huvitav,\u00a0kui\u00a0k\u00f5ik\u00a0on\u00a0nii,\u00a0nagu\u00a0on.&#8221;Seekord\u00a0seiklevad\u00a0Kessu\u00a0ja\u00a0Tripp\u00a0\u0161okolaadilaos,\u00a0lendavad helikopteriga,\u00a0meisterdavad\u00a0s\u00f6\u00f6gitegemise\u00a0aparaati\u00a0ja\u00a0m\u00e4ngivad poodi.Etenduse\u00a0&#8220;Kessu\u00a0ja\u00a0Tripp&#8221;\u00a0on\u00a0Robert\u00a0Vaidlo\u00a0samanimelise\u00a0raamatu ainetel lavale\u00a0seadnud\u00a0Eeva\u00a0Savolainen\u00a0ja\u00a0Kristiine\u00a0Truu.\u00a0Etendus\u00a0on\u00a0kogu perele ja\u00a0kestab\u00a045\u00a0minutit.N\u00e4itlejad:\u00a0Eeva\u00a0Savolainen,\u00a0Kristiine\u00a0Truu. \u201cKessu ja Tripi j\u00f5ulud\u201d &#8211; hetkel m\u00e4ngukavas\u00dchel lumisel p\u00e4eval, just enne j\u00f5ule, on Kessu j\u00e4lle \u00fcksinda kodus, Tripil aga oma pildiraamatus hirmus igav. Nii valmivadki s\u00f5pradel p\u00f5nevad ideed &#8211; s\u00f5ita kelguga \u00fcmber maakera, s\u00fc\u00fca [&hellip;]<\/p>\n","protected":false},"author":1,"featured_media":0,"parent":0,"menu_order":0,"comment_status":"closed","ping_status":"closed","template":"","meta":{"footnotes":""},"class_list":["post-200","page","type-page","status-publish","hentry"],"yoast_head":"<!-- This site is optimized with the Yoast SEO plugin v27.5 - https:\/\/yoast.com\/product\/yoast-seo-wordpress\/ -->\n<title>Lavastused - V&otilde;lumaa Lasteteater<\/title>\n<meta name=\"robots\" content=\"index, follow, max-snippet:-1, max-image-preview:large, max-video-preview:-1\" \/>\n<link rel=\"canonical\" href=\"https:\/\/volumaateater.ee\/?page_id=200\" \/>\n<meta property=\"og:locale\" content=\"en_US\" \/>\n<meta property=\"og:type\" content=\"article\" \/>\n<meta property=\"og:title\" content=\"Lavastused - V&otilde;lumaa Lasteteater\" \/>\n<meta property=\"og:description\" content=\"\u201eKessu ja Tripp\u201c&#8211; hetkel m\u00e4ngukavas.&#8220;Kessu\u00a0on\u00a0tavaline\u00a0pikemat\u00a0kasvu\u00a0l\u00fchike\u00a0plikatirts,\u00a0kes kunagi\u00a0midagi\u00a0meeles\u00a0ei\u00a0pea,\u00a0aga\u00a0k\u00f5ike\u00a0v\u00e4ga\u00a0h\u00e4sti\u00a0m\u00e4letab.\u00a0Tripp on punase valgev\u00f6\u00f6dilise\u00a0tuttm\u00fctsi\u00a0ning\u00a0v\u00f5imatult\u00a0keerdus\u00a0ninaga sussides kloun.\u00a0Tripp\u00a0on\u00a0Kessu\u00a0ustav\u00a0s\u00f5ber\u00a0ja\u00a0igap\u00e4evane\u00a0m\u00e4ngukaaslane.Kessule ja Tripile\u00a0meeldib\u00a0igasuguseid\u00a0asju\u00a0v\u00e4lja\u00a0m\u00f5elda.\u00a0Nende\u00a0meelest\u00a0ei\u00a0ole \u00fcldse huvitav,\u00a0kui\u00a0k\u00f5ik\u00a0on\u00a0nii,\u00a0nagu\u00a0on.&#8221;Seekord\u00a0seiklevad\u00a0Kessu\u00a0ja\u00a0Tripp\u00a0\u0161okolaadilaos,\u00a0lendavad helikopteriga,\u00a0meisterdavad\u00a0s\u00f6\u00f6gitegemise\u00a0aparaati\u00a0ja\u00a0m\u00e4ngivad poodi.Etenduse\u00a0&#8220;Kessu\u00a0ja\u00a0Tripp&#8221;\u00a0on\u00a0Robert\u00a0Vaidlo\u00a0samanimelise\u00a0raamatu ainetel lavale\u00a0seadnud\u00a0Eeva\u00a0Savolainen\u00a0ja\u00a0Kristiine\u00a0Truu.\u00a0Etendus\u00a0on\u00a0kogu perele ja\u00a0kestab\u00a045\u00a0minutit.N\u00e4itlejad:\u00a0Eeva\u00a0Savolainen,\u00a0Kristiine\u00a0Truu. \u201cKessu ja Tripi j\u00f5ulud\u201d &#8211; hetkel m\u00e4ngukavas\u00dchel lumisel p\u00e4eval, just enne j\u00f5ule, on Kessu j\u00e4lle \u00fcksinda kodus, Tripil aga oma pildiraamatus hirmus igav. Nii valmivadki s\u00f5pradel p\u00f5nevad ideed &#8211; s\u00f5ita kelguga \u00fcmber maakera, s\u00fc\u00fca [&hellip;]\" \/>\n<meta property=\"og:url\" content=\"https:\/\/volumaateater.ee\/?page_id=200\" \/>\n<meta property=\"og:site_name\" content=\"V&otilde;lumaa Lasteteater\" \/>\n<meta property=\"article:modified_time\" content=\"2025-03-24T18:23:38+00:00\" \/>\n<meta property=\"og:image\" content=\"https:\/\/volumaateater.ee\/wp-content\/uploads\/2025\/03\/Kessu-ja-Tripp-scaled.jpg\" \/>\n\t<meta property=\"og:image:width\" content=\"2560\" \/>\n\t<meta property=\"og:image:height\" content=\"1717\" \/>\n\t<meta property=\"og:image:type\" content=\"image\/jpeg\" \/>\n<meta name=\"twitter:card\" content=\"summary_large_image\" \/>\n<meta name=\"twitter:label1\" content=\"Est. reading time\" \/>\n\t<meta name=\"twitter:data1\" content=\"3 minutes\" \/>\n<script type=\"application\/ld+json\" class=\"yoast-schema-graph\">{\"@context\":\"https:\\\/\\\/schema.org\",\"@graph\":[{\"@type\":\"WebPage\",\"@id\":\"https:\\\/\\\/volumaateater.ee\\\/?page_id=200\",\"url\":\"https:\\\/\\\/volumaateater.ee\\\/?page_id=200\",\"name\":\"Lavastused - V&otilde;lumaa Lasteteater\",\"isPartOf\":{\"@id\":\"https:\\\/\\\/volumaateater.ee\\\/#website\"},\"primaryImageOfPage\":{\"@id\":\"https:\\\/\\\/volumaateater.ee\\\/?page_id=200#primaryimage\"},\"image\":{\"@id\":\"https:\\\/\\\/volumaateater.ee\\\/?page_id=200#primaryimage\"},\"thumbnailUrl\":\"https:\\\/\\\/volumaateater.ee\\\/wp-content\\\/uploads\\\/2025\\\/03\\\/Kessu-ja-Tripp-1024x687.jpg\",\"datePublished\":\"2019-05-24T09:16:01+00:00\",\"dateModified\":\"2025-03-24T18:23:38+00:00\",\"breadcrumb\":{\"@id\":\"https:\\\/\\\/volumaateater.ee\\\/?page_id=200#breadcrumb\"},\"inLanguage\":\"en\",\"potentialAction\":[{\"@type\":\"ReadAction\",\"target\":[\"https:\\\/\\\/volumaateater.ee\\\/?page_id=200\"]}]},{\"@type\":\"ImageObject\",\"inLanguage\":\"en\",\"@id\":\"https:\\\/\\\/volumaateater.ee\\\/?page_id=200#primaryimage\",\"url\":\"https:\\\/\\\/volumaateater.ee\\\/wp-content\\\/uploads\\\/2025\\\/03\\\/Kessu-ja-Tripp-scaled.jpg\",\"contentUrl\":\"https:\\\/\\\/volumaateater.ee\\\/wp-content\\\/uploads\\\/2025\\\/03\\\/Kessu-ja-Tripp-scaled.jpg\",\"width\":2560,\"height\":1717},{\"@type\":\"BreadcrumbList\",\"@id\":\"https:\\\/\\\/volumaateater.ee\\\/?page_id=200#breadcrumb\",\"itemListElement\":[{\"@type\":\"ListItem\",\"position\":1,\"name\":\"Home\",\"item\":\"https:\\\/\\\/volumaateater.ee\\\/\"},{\"@type\":\"ListItem\",\"position\":2,\"name\":\"Lavastused\"}]},{\"@type\":\"WebSite\",\"@id\":\"https:\\\/\\\/volumaateater.ee\\\/#website\",\"url\":\"https:\\\/\\\/volumaateater.ee\\\/\",\"name\":\"V&otilde;lumaa Lasteteater\",\"description\":\"&quot;Elu ongi Muinasjutt!&quot;          \",\"potentialAction\":[{\"@type\":\"SearchAction\",\"target\":{\"@type\":\"EntryPoint\",\"urlTemplate\":\"https:\\\/\\\/volumaateater.ee\\\/?s={search_term_string}\"},\"query-input\":{\"@type\":\"PropertyValueSpecification\",\"valueRequired\":true,\"valueName\":\"search_term_string\"}}],\"inLanguage\":\"en\"}]}<\/script>\n<!-- \/ Yoast SEO plugin. -->","yoast_head_json":{"title":"Lavastused - V&otilde;lumaa Lasteteater","robots":{"index":"index","follow":"follow","max-snippet":"max-snippet:-1","max-image-preview":"max-image-preview:large","max-video-preview":"max-video-preview:-1"},"canonical":"https:\/\/volumaateater.ee\/?page_id=200","og_locale":"en_US","og_type":"article","og_title":"Lavastused - V&otilde;lumaa Lasteteater","og_description":"\u201eKessu ja Tripp\u201c&#8211; hetkel m\u00e4ngukavas.&#8220;Kessu\u00a0on\u00a0tavaline\u00a0pikemat\u00a0kasvu\u00a0l\u00fchike\u00a0plikatirts,\u00a0kes kunagi\u00a0midagi\u00a0meeles\u00a0ei\u00a0pea,\u00a0aga\u00a0k\u00f5ike\u00a0v\u00e4ga\u00a0h\u00e4sti\u00a0m\u00e4letab.\u00a0Tripp on punase valgev\u00f6\u00f6dilise\u00a0tuttm\u00fctsi\u00a0ning\u00a0v\u00f5imatult\u00a0keerdus\u00a0ninaga sussides kloun.\u00a0Tripp\u00a0on\u00a0Kessu\u00a0ustav\u00a0s\u00f5ber\u00a0ja\u00a0igap\u00e4evane\u00a0m\u00e4ngukaaslane.Kessule ja Tripile\u00a0meeldib\u00a0igasuguseid\u00a0asju\u00a0v\u00e4lja\u00a0m\u00f5elda.\u00a0Nende\u00a0meelest\u00a0ei\u00a0ole \u00fcldse huvitav,\u00a0kui\u00a0k\u00f5ik\u00a0on\u00a0nii,\u00a0nagu\u00a0on.&#8221;Seekord\u00a0seiklevad\u00a0Kessu\u00a0ja\u00a0Tripp\u00a0\u0161okolaadilaos,\u00a0lendavad helikopteriga,\u00a0meisterdavad\u00a0s\u00f6\u00f6gitegemise\u00a0aparaati\u00a0ja\u00a0m\u00e4ngivad poodi.Etenduse\u00a0&#8220;Kessu\u00a0ja\u00a0Tripp&#8221;\u00a0on\u00a0Robert\u00a0Vaidlo\u00a0samanimelise\u00a0raamatu ainetel lavale\u00a0seadnud\u00a0Eeva\u00a0Savolainen\u00a0ja\u00a0Kristiine\u00a0Truu.\u00a0Etendus\u00a0on\u00a0kogu perele ja\u00a0kestab\u00a045\u00a0minutit.N\u00e4itlejad:\u00a0Eeva\u00a0Savolainen,\u00a0Kristiine\u00a0Truu. \u201cKessu ja Tripi j\u00f5ulud\u201d &#8211; hetkel m\u00e4ngukavas\u00dchel lumisel p\u00e4eval, just enne j\u00f5ule, on Kessu j\u00e4lle \u00fcksinda kodus, Tripil aga oma pildiraamatus hirmus igav. Nii valmivadki s\u00f5pradel p\u00f5nevad ideed &#8211; s\u00f5ita kelguga \u00fcmber maakera, s\u00fc\u00fca [&hellip;]","og_url":"https:\/\/volumaateater.ee\/?page_id=200","og_site_name":"V&otilde;lumaa Lasteteater","article_modified_time":"2025-03-24T18:23:38+00:00","og_image":[{"width":2560,"height":1717,"url":"https:\/\/volumaateater.ee\/wp-content\/uploads\/2025\/03\/Kessu-ja-Tripp-scaled.jpg","type":"image\/jpeg"}],"twitter_card":"summary_large_image","twitter_misc":{"Est. reading time":"3 minutes"},"schema":{"@context":"https:\/\/schema.org","@graph":[{"@type":"WebPage","@id":"https:\/\/volumaateater.ee\/?page_id=200","url":"https:\/\/volumaateater.ee\/?page_id=200","name":"Lavastused - V&otilde;lumaa Lasteteater","isPartOf":{"@id":"https:\/\/volumaateater.ee\/#website"},"primaryImageOfPage":{"@id":"https:\/\/volumaateater.ee\/?page_id=200#primaryimage"},"image":{"@id":"https:\/\/volumaateater.ee\/?page_id=200#primaryimage"},"thumbnailUrl":"https:\/\/volumaateater.ee\/wp-content\/uploads\/2025\/03\/Kessu-ja-Tripp-1024x687.jpg","datePublished":"2019-05-24T09:16:01+00:00","dateModified":"2025-03-24T18:23:38+00:00","breadcrumb":{"@id":"https:\/\/volumaateater.ee\/?page_id=200#breadcrumb"},"inLanguage":"en","potentialAction":[{"@type":"ReadAction","target":["https:\/\/volumaateater.ee\/?page_id=200"]}]},{"@type":"ImageObject","inLanguage":"en","@id":"https:\/\/volumaateater.ee\/?page_id=200#primaryimage","url":"https:\/\/volumaateater.ee\/wp-content\/uploads\/2025\/03\/Kessu-ja-Tripp-scaled.jpg","contentUrl":"https:\/\/volumaateater.ee\/wp-content\/uploads\/2025\/03\/Kessu-ja-Tripp-scaled.jpg","width":2560,"height":1717},{"@type":"BreadcrumbList","@id":"https:\/\/volumaateater.ee\/?page_id=200#breadcrumb","itemListElement":[{"@type":"ListItem","position":1,"name":"Home","item":"https:\/\/volumaateater.ee\/"},{"@type":"ListItem","position":2,"name":"Lavastused"}]},{"@type":"WebSite","@id":"https:\/\/volumaateater.ee\/#website","url":"https:\/\/volumaateater.ee\/","name":"V&otilde;lumaa Lasteteater","description":"&quot;Elu ongi Muinasjutt!&quot;          ","potentialAction":[{"@type":"SearchAction","target":{"@type":"EntryPoint","urlTemplate":"https:\/\/volumaateater.ee\/?s={search_term_string}"},"query-input":{"@type":"PropertyValueSpecification","valueRequired":true,"valueName":"search_term_string"}}],"inLanguage":"en"}]}},"_links":{"self":[{"href":"https:\/\/volumaateater.ee\/index.php?rest_route=\/wp\/v2\/pages\/200","targetHints":{"allow":["GET"]}}],"collection":[{"href":"https:\/\/volumaateater.ee\/index.php?rest_route=\/wp\/v2\/pages"}],"about":[{"href":"https:\/\/volumaateater.ee\/index.php?rest_route=\/wp\/v2\/types\/page"}],"author":[{"embeddable":true,"href":"https:\/\/volumaateater.ee\/index.php?rest_route=\/wp\/v2\/users\/1"}],"replies":[{"embeddable":true,"href":"https:\/\/volumaateater.ee\/index.php?rest_route=%2Fwp%2Fv2%2Fcomments&post=200"}],"version-history":[{"count":11,"href":"https:\/\/volumaateater.ee\/index.php?rest_route=\/wp\/v2\/pages\/200\/revisions"}],"predecessor-version":[{"id":356,"href":"https:\/\/volumaateater.ee\/index.php?rest_route=\/wp\/v2\/pages\/200\/revisions\/356"}],"wp:attachment":[{"href":"https:\/\/volumaateater.ee\/index.php?rest_route=%2Fwp%2Fv2%2Fmedia&parent=200"}],"curies":[{"name":"wp","href":"https:\/\/api.w.org\/{rel}","templated":true}]}}