{"id":18,"date":"2019-02-01T19:29:22","date_gmt":"2019-02-01T19:29:22","guid":{"rendered":"https:\/\/volumaateater.ee\/?page_id=18"},"modified":"2022-07-15T08:35:20","modified_gmt":"2022-07-15T08:35:20","slug":"kontakt","status":"publish","type":"page","link":"https:\/\/volumaateater.ee\/?page_id=18","title":{"rendered":"Kontakt"},"content":{"rendered":"<div class='fluentform ff-default fluentform_wrapper_3 ffs_default_wrap'><form data-form_id=\"3\" id=\"fluentform_3\" class=\"frm-fluent-form fluent_form_3 ff-el-form-top ff_form_instance_3_1 ff-form-loading ffs_default\" data-form_instance=\"ff_form_instance_3_1\" method=\"POST\" ><fieldset  style=\"border: none!important;margin: 0!important;padding: 0!important;background-color: transparent!important;box-shadow: none!important;outline: none!important; min-inline-size: 100%;\">\n                    <legend class=\"ff_screen_reader_title\" style=\"display: block; margin: 0!important;padding: 0!important;height: 0!important;text-indent: -999999px;width: 0!important;overflow:hidden;\">Kontaktivorm<\/legend><input type='hidden' name='__fluent_form_embded_post_id' value='18' \/><input type=\"hidden\" id=\"_fluentform_3_fluentformnonce\" name=\"_fluentform_3_fluentformnonce\" value=\"2d6ce4a666\" \/><input type=\"hidden\" name=\"_wp_http_referer\" value=\"\/index.php?rest_route=%2Fwp%2Fv2%2Fpages%2F18\" \/><div data-type=\"name-element\" data-name=\"names\" class=\" ff-field_container ff-name-field-wrapper\" ><div class='ff-t-container'><div class='ff-t-cell '><div class='ff-el-group'><div class=\"ff-el-input--label ff-el-is-required asterisk-right\"><label for='ff_3_names_first_name_' id='label_ff_3_names_first_name_' >Nimi<\/label><\/div><div class='ff-el-input--content'><input type=\"text\" name=\"names[first_name]\" id=\"ff_3_names_first_name_\" class=\"ff-el-form-control\" aria-invalid=\"false\" aria-required=true><\/div><\/div><\/div><\/div><\/div><div class='ff-el-group'><div class=\"ff-el-input--label ff-el-is-required asterisk-right\"><label for='ff_3_email' id='label_ff_3_email' aria-label=\"E-mail\">E-mail<\/label><\/div><div class='ff-el-input--content'><input type=\"email\" name=\"email\" id=\"ff_3_email\" class=\"ff-el-form-control\" data-name=\"email\"  aria-invalid=\"false\" aria-required=true><\/div><\/div><div class='ff-el-group'><div class=\"ff-el-input--label asterisk-right\"><label for='ff_3_subject' id='label_ff_3_subject' aria-label=\"Pealkiri\">Pealkiri<\/label><\/div><div class='ff-el-input--content'><input type=\"text\" name=\"subject\" class=\"ff-el-form-control\" data-name=\"subject\" id=\"ff_3_subject\"  aria-invalid=\"false\" aria-required=false><\/div><\/div><div class='ff-el-group'><div class=\"ff-el-input--label ff-el-is-required asterisk-right\"><label for='ff_3_message' id='label_ff_3_message' aria-label=\"S\u00f5num\">S\u00f5num<\/label><\/div><div class='ff-el-input--content'><textarea aria-required=\"true\" aria-labelledby=\"label_ff_3_message\" name=\"message\" id=\"ff_3_message\" class=\"ff-el-form-control\" rows=\"4\" cols=\"2\" data-name=\"message\" ><\/textarea><\/div><\/div><div class='ff-el-group ff-text-center ff_submit_btn_wrapper'><button type=\"submit\" class=\"ff-btn ff-btn-submit ff-btn-md ff_btn_style wpf_has_custom_css\"  aria-label=\"Saada\">Saada<\/button><\/div><\/fieldset><\/form><div id='fluentform_3_errors' class='ff-errors-in-stack ff_form_instance_3_1 ff-form-loading_errors ff_form_instance_3_1_errors'><\/div><\/div>            <script type=\"text\/javascript\">\n                window.fluent_form_ff_form_instance_3_1 = {\"id\":\"3\",\"ajaxUrl\":\"https:\\\/\\\/volumaateater.ee\\\/wp-admin\\\/admin-ajax.php\",\"settings\":{\"layout\":{\"labelPlacement\":\"top\",\"helpMessagePlacement\":\"with_label\",\"errorMessagePlacement\":\"inline\",\"asteriskPlacement\":\"asterisk-right\"},\"id\":\"39\",\"restrictions\":{\"denyEmptySubmission\":{\"enabled\":false}}},\"form_instance\":\"ff_form_instance_3_1\",\"form_id_selector\":\"fluentform_3\",\"rules\":{\"names[first_name]\":{\"required\":{\"value\":true,\"message\":\"See v\\u00e4li on kohustuslik\"}},\"names[middle_name]\":{\"required\":{\"value\":false,\"message\":\"This field is required\"}},\"names[last_name]\":{\"required\":{\"value\":false,\"message\":\"This field is required\"}},\"email\":{\"required\":{\"value\":true,\"message\":\"See v\\u00e4li on kohustuslik\"},\"email\":{\"value\":true,\"message\":\"See v\\u00e4li peab sisaldama kehtivat E-maili\"}},\"subject\":{\"required\":{\"value\":false,\"message\":\"This field is required\"}},\"message\":{\"required\":{\"value\":true,\"message\":\"See v\\u00e4li on kohustuslik\"}}},\"debounce_time\":300};\n                            <\/script>\n            \n","protected":false},"excerpt":{"rendered":"","protected":false},"author":1,"featured_media":0,"parent":0,"menu_order":0,"comment_status":"closed","ping_status":"closed","template":"","meta":{"footnotes":""},"class_list":["post-18","page","type-page","status-publish","hentry"],"yoast_head":"<!-- This site is optimized with the Yoast SEO plugin v27.5 - https:\/\/yoast.com\/product\/yoast-seo-wordpress\/ -->\n<title>Kontakt - V&otilde;lumaa Lasteteater<\/title>\n<meta name=\"description\" content=\"M\u00e4ngutuba V\u00f5lumaa sai alguse 2006. aastal Tallinnas Hermanni t\u00e4naval, sealt liikus V\u00f5lumaa edasi Tatari t\u00e4navale.\" \/>\n<meta name=\"robots\" content=\"index, follow, max-snippet:-1, max-image-preview:large, max-video-preview:-1\" \/>\n<link rel=\"canonical\" href=\"https:\/\/volumaateater.ee\/?page_id=18\" \/>\n<meta property=\"og:locale\" content=\"en_US\" \/>\n<meta property=\"og:type\" content=\"article\" \/>\n<meta property=\"og:title\" content=\"Kontakt - V&otilde;lumaa Lasteteater\" \/>\n<meta property=\"og:description\" content=\"M\u00e4ngutuba V\u00f5lumaa sai alguse 2006. aastal Tallinnas Hermanni t\u00e4naval, sealt liikus V\u00f5lumaa edasi Tatari t\u00e4navale.\" \/>\n<meta property=\"og:url\" content=\"https:\/\/volumaateater.ee\/?page_id=18\" \/>\n<meta property=\"og:site_name\" content=\"V&otilde;lumaa Lasteteater\" \/>\n<meta property=\"article:modified_time\" content=\"2022-07-15T08:35:20+00:00\" \/>\n<meta name=\"twitter:card\" content=\"summary_large_image\" \/>\n<meta name=\"twitter:label1\" content=\"Est. reading time\" \/>\n\t<meta name=\"twitter:data1\" content=\"1 minute\" \/>\n<script type=\"application\/ld+json\" class=\"yoast-schema-graph\">{\"@context\":\"https:\\\/\\\/schema.org\",\"@graph\":[{\"@type\":\"WebPage\",\"@id\":\"https:\\\/\\\/volumaateater.ee\\\/?page_id=18\",\"url\":\"https:\\\/\\\/volumaateater.ee\\\/?page_id=18\",\"name\":\"Kontakt - V&otilde;lumaa Lasteteater\",\"isPartOf\":{\"@id\":\"https:\\\/\\\/volumaateater.ee\\\/#website\"},\"datePublished\":\"2019-02-01T19:29:22+00:00\",\"dateModified\":\"2022-07-15T08:35:20+00:00\",\"description\":\"M\u00e4ngutuba V\u00f5lumaa sai alguse 2006. aastal Tallinnas Hermanni t\u00e4naval, sealt liikus V\u00f5lumaa edasi Tatari t\u00e4navale.\",\"breadcrumb\":{\"@id\":\"https:\\\/\\\/volumaateater.ee\\\/?page_id=18#breadcrumb\"},\"inLanguage\":\"en\",\"potentialAction\":[{\"@type\":\"ReadAction\",\"target\":[\"https:\\\/\\\/volumaateater.ee\\\/?page_id=18\"]}]},{\"@type\":\"BreadcrumbList\",\"@id\":\"https:\\\/\\\/volumaateater.ee\\\/?page_id=18#breadcrumb\",\"itemListElement\":[{\"@type\":\"ListItem\",\"position\":1,\"name\":\"Home\",\"item\":\"https:\\\/\\\/volumaateater.ee\\\/\"},{\"@type\":\"ListItem\",\"position\":2,\"name\":\"Kontakt\"}]},{\"@type\":\"WebSite\",\"@id\":\"https:\\\/\\\/volumaateater.ee\\\/#website\",\"url\":\"https:\\\/\\\/volumaateater.ee\\\/\",\"name\":\"V&otilde;lumaa Lasteteater\",\"description\":\"&quot;Elu ongi Muinasjutt!&quot;          \",\"potentialAction\":[{\"@type\":\"SearchAction\",\"target\":{\"@type\":\"EntryPoint\",\"urlTemplate\":\"https:\\\/\\\/volumaateater.ee\\\/?s={search_term_string}\"},\"query-input\":{\"@type\":\"PropertyValueSpecification\",\"valueRequired\":true,\"valueName\":\"search_term_string\"}}],\"inLanguage\":\"en\"}]}<\/script>\n<!-- \/ Yoast SEO plugin. -->","yoast_head_json":{"title":"Kontakt - V&otilde;lumaa Lasteteater","description":"M\u00e4ngutuba V\u00f5lumaa sai alguse 2006. aastal Tallinnas Hermanni t\u00e4naval, sealt liikus V\u00f5lumaa edasi Tatari t\u00e4navale.","robots":{"index":"index","follow":"follow","max-snippet":"max-snippet:-1","max-image-preview":"max-image-preview:large","max-video-preview":"max-video-preview:-1"},"canonical":"https:\/\/volumaateater.ee\/?page_id=18","og_locale":"en_US","og_type":"article","og_title":"Kontakt - V&otilde;lumaa Lasteteater","og_description":"M\u00e4ngutuba V\u00f5lumaa sai alguse 2006. aastal Tallinnas Hermanni t\u00e4naval, sealt liikus V\u00f5lumaa edasi Tatari t\u00e4navale.","og_url":"https:\/\/volumaateater.ee\/?page_id=18","og_site_name":"V&otilde;lumaa Lasteteater","article_modified_time":"2022-07-15T08:35:20+00:00","twitter_card":"summary_large_image","twitter_misc":{"Est. reading time":"1 minute"},"schema":{"@context":"https:\/\/schema.org","@graph":[{"@type":"WebPage","@id":"https:\/\/volumaateater.ee\/?page_id=18","url":"https:\/\/volumaateater.ee\/?page_id=18","name":"Kontakt - V&otilde;lumaa Lasteteater","isPartOf":{"@id":"https:\/\/volumaateater.ee\/#website"},"datePublished":"2019-02-01T19:29:22+00:00","dateModified":"2022-07-15T08:35:20+00:00","description":"M\u00e4ngutuba V\u00f5lumaa sai alguse 2006. aastal Tallinnas Hermanni t\u00e4naval, sealt liikus V\u00f5lumaa edasi Tatari t\u00e4navale.","breadcrumb":{"@id":"https:\/\/volumaateater.ee\/?page_id=18#breadcrumb"},"inLanguage":"en","potentialAction":[{"@type":"ReadAction","target":["https:\/\/volumaateater.ee\/?page_id=18"]}]},{"@type":"BreadcrumbList","@id":"https:\/\/volumaateater.ee\/?page_id=18#breadcrumb","itemListElement":[{"@type":"ListItem","position":1,"name":"Home","item":"https:\/\/volumaateater.ee\/"},{"@type":"ListItem","position":2,"name":"Kontakt"}]},{"@type":"WebSite","@id":"https:\/\/volumaateater.ee\/#website","url":"https:\/\/volumaateater.ee\/","name":"V&otilde;lumaa Lasteteater","description":"&quot;Elu ongi Muinasjutt!&quot;          ","potentialAction":[{"@type":"SearchAction","target":{"@type":"EntryPoint","urlTemplate":"https:\/\/volumaateater.ee\/?s={search_term_string}"},"query-input":{"@type":"PropertyValueSpecification","valueRequired":true,"valueName":"search_term_string"}}],"inLanguage":"en"}]}},"_links":{"self":[{"href":"https:\/\/volumaateater.ee\/index.php?rest_route=\/wp\/v2\/pages\/18","targetHints":{"allow":["GET"]}}],"collection":[{"href":"https:\/\/volumaateater.ee\/index.php?rest_route=\/wp\/v2\/pages"}],"about":[{"href":"https:\/\/volumaateater.ee\/index.php?rest_route=\/wp\/v2\/types\/page"}],"author":[{"embeddable":true,"href":"https:\/\/volumaateater.ee\/index.php?rest_route=\/wp\/v2\/users\/1"}],"replies":[{"embeddable":true,"href":"https:\/\/volumaateater.ee\/index.php?rest_route=%2Fwp%2Fv2%2Fcomments&post=18"}],"version-history":[{"count":5,"href":"https:\/\/volumaateater.ee\/index.php?rest_route=\/wp\/v2\/pages\/18\/revisions"}],"predecessor-version":[{"id":266,"href":"https:\/\/volumaateater.ee\/index.php?rest_route=\/wp\/v2\/pages\/18\/revisions\/266"}],"wp:attachment":[{"href":"https:\/\/volumaateater.ee\/index.php?rest_route=%2Fwp%2Fv2%2Fmedia&parent=18"}],"curies":[{"name":"wp","href":"https:\/\/api.w.org\/{rel}","templated":true}]}}